**2 - 11*a - 17. Let s be p(-2). Suppose -261 = -6*k + s. What is the units digit of k?
7
Let n = 9529 + -4080. What is the hundreds digit of (-33)/77 + n*2/14?
7
Let f = 1535 - 1039. Suppose -1004 = -2*y + o, -6*o + f = y - 8*o. What is the tens digit of y?
0
Let f(g) = g**3 + g**2 - g + 160. Let i be 12/(-15) - (2 + (-48)/10). Suppose -i*b = 0, 0 = -6*n + 2*n + 4*b. What is the units digit of f(n)?
0
Let t(r) = 48*r**3 + 68*r**2 + 19*r - 12. What is the tens digit of t(5)?
8
Let h be (3*(-8)/12)/((-5)/1985). Suppose -3*g + 433 = -2*t, -5*g + h = -4*t + 69. What is the hundreds digit of g?
1
Let u(r) = -2*r**3 + 2*r**2 + 16*r + 16864. What is the units digit of u(0)?
4
Let p be 1/((-72)/(-16))*18/2. Suppose -5*m = p*a - 1511 - 315, 4*m = -a + 907. What is the units digit of a?
3
Let p(z) = -2*z + 35. Let r be p(13). Suppose -12*t = -13*t + r. Suppose -12*k = -t*k - 12. What is the units digit of k?
4
Suppose 0*i - 28 = -i - 2*j, 154 = 5*i - 4*j. Let f = i - -18. Suppose f = c + 5*c. What is the units digit of c?
8
Let a be ((-516700)/70)/(2/(-28)). What is the thousands digit of 3*(-2)/(-24) - a/(-80)?
1
Let g be 2/(-6)*(-144)/(0 - -16). Suppose g*a - 1233 = -0*q - 2*q, -5*a = 2*q - 1227. What is the units digit of q?
1
Let p be 2059/568 - (-6)/16. Suppose 2*f + 1246 = p*q, 0 = 11*q - 14*q - f + 932. What is the units digit of q?
1
Let g(b) = 82*b + 227. Suppose -3*h = -5*h + 10. What is the hundreds digit of g(h)?
6
Let a = 3900 - 1367. Suppose 8*l + 621 = a. What is the units digit of l?
9
Suppose 0 = -230*z + 2527230 + 4147830. What is the ten thousands digit of z?
2
What is the hundreds digit of -5965*((-38)/10 - (88 + -91))?
7
Suppose 86*h + 179922 = 92*h. What is the hundreds digit of h?
9
Let n be (-6)/(1 + (-39)/37). Let w = -35 + n. What is the tens digit of w?
7
Suppose 3*g - 4 = -13, 2*f = g + 19. Suppose r - f = -7. What is the tens digit of (304 + -12)*r/4?
7
Let o(s) be the first derivative of -s**4/4 + s**3/3 + 7*s**2/2 + 203*s - 61. What is the tens digit of o(0)?
0
Let a = -21 + 31. Let r(s) = s**2 - 9*s - 4. Let w be r(a). What is the tens digit of 117/((-4)/(-16)*w)?
7
Let y be 0 - ((-9)/(36/16) + -8). Suppose -i = -y*j + 10*j - 466, 2*i = -2*j + 908. What is the tens digit of i?
5
Let h(u) = 39*u**2 + u + 9. Let c(p) = -156*p**2 - 3*p - 35. Let w(y) = 2*c(y) + 9*h(y). What is the hundreds digit of w(3)?
3
Let m be ((-3608)/14 - (-2)/(-7))/(-2). Let s be (3 - 2)/((-3)/m). Let q = s + 77. What is the units digit of q?
4
Suppose 1236 = 4*f - 1660. Suppose 0 = 7*s - 228 - f. Let l = s - 81. What is the tens digit of l?
5
Let a(p) = 25*p**2 + 12*p + 35. Suppose 20 = 4*v, u + 2*v - 4 = 1. What is the hundreds digit of a(u)?
6
Let r = -204 - 167. Let a = r + 935. What is the hundreds digit of a?
5
What is the ten thousands digit of 3544233/143 + 6/39?
2
Let r(p) = 8 - 23*p - 8*p - 3. Let a be r(6). Let m = -38 - a. What is the units digit of m?
3
Suppose 5*d = -68 + 13. Let k(u) = 46*u + 8. Let y be k(d). Let t = -333 - y. What is the hundreds digit of t?
1
Let b(r) = r**3 + 8*r**2 - 15*r + 10. Let p be ((-24)/20)/(10/(-75)). Let g(y) = -y**3 + 10*y**2 - 8*y - 18. Let x be g(p). What is the tens digit of b(x)?
6
Let m(d) = -2596*d - 7. What is the tens digit of m(-5)?
7
Let f = 19 - -26. Let r = f + -43. Suppose r*k = 178 - 48. What is the tens digit of k?
6
Let k be 1*(-2*1 + (145 - 19)). Let m = -52 + k. What is the units digit of m?
2
Suppose -103 = 3*v - 679. Suppose 0 = -3*s + 2*s, 2*o - 2*s - v = 0. Let g = o + -44. What is the tens digit of g?
5
Suppose -7779 = -8*h + 1685. Let p = h - 638. What is the units digit of p?
5
Suppose 0 = 2*k - 4*k - 2, -3*k = -2*h + 35373. What is the tens digit of h?
8
Let p(l) = 3*l**2 - 54*l + 233. What is the hundreds digit of p(24)?
6
Let g = -34 + 22. Let v = -161 + 149. What is the units digit of (-118)/(-1) + v/g?
9
Suppose -2*h + 30 = 24. Suppose -3*j + 1140 = h*o, 4*j - 2*o + 5*o = 1525. What is the hundreds digit of j?
3
Suppose -4*m = -212 - 40. Suppose -18*u + 9423 = -4509. What is the units digit of (2 - 32/14) + u/m?
2
Suppose -26*y = -0*y - 234. Suppose 4*v + 98 = -70. Let d = y - v. What is the tens digit of d?
5
Let q(i) = -i**3 - 10*i**2 - 2*i - 6. Let g be q(-10). Let n(o) = -2*o + 34. Let l be n(g). Suppose -l*s + 170 = -s. What is the tens digit of s?
3
Suppose 2*o - z + 104 = -3*o, -4*z + 16 = 0. Let s be (-1265)/o + 2 + 3/4. Suppose s = -15*b + 651. What is the units digit of b?
9
Suppose -87190 = -f - 5*m, -35916 = -f + 2*m + 51225. What is the thousands digit of f?
7
Let v(w) = w**3 + 10*w**2 + 16*w + 81. Let b be v(-9). Let n(m) = 5*m + 159. What is the tens digit of n(b)?
4
Let s(i) = i**3 + 3*i**2 - i + 6. Let a be s(-4). Let r be (-9)/(-3) + a + 162. Suppose y + r = 2*c, 2*y + y - 333 = -4*c. What is the tens digit of c?
8
Suppose -3*h - 1 = 3*b + 2, 4*h + 29 = b. Let c(t) = -4*t + 3. Let q(d) = d**2. Let g(j) = -c(j) + 3*q(j). What is the units digit of g(h)?
1
Suppose -25*k + 12*k + 16*k - 18189 = 0. What is the units digit of k?
3
Let k(m) be the second derivative of 37*m**4/24 - 5*m**3/3 + 41*m**2/2 - 8*m. Let a(z) be the first derivative of k(z). What is the tens digit of a(2)?
6
Let y(z) = 3*z - 25. Let u be y(5). Let d be -6*u/15 + -1. Suppose -f - f + 3*i = -270, d*f + 3*i = 390. What is the hundreds digit of f?
1
Suppose 4*b + 11 = -0*b + 3*v, 0 = -5*v - 15. Let f(j) = j**2 - j - 1. Let u(p) = -3*p**2 + 7*p + 5. Let x(l) = 4*f(l) + u(l). What is the units digit of x(b)?
1
Suppose -5*d = -0*n + 5*n - 35, -3*n + 3*d = -9. Suppose n*s - 6*v = -3*v + 203, 4*s = 2*v + 162. What is the hundreds digit of s/2*(-888)/(-96)?
1
Suppose -24*r + 1590249 = 275265. What is the hundreds digit of r?
7
Let c(v) = 18753*v - 219. What is the hundreds digit of c(1)?
5
Let o(n) = -595*n - 1265. What is the hundreds digit of o(-16)?
2
Let m(r) = -r**2 - 17*r - 5. Let a be m(-5). Suppose -2*h - a = -13. Let n = h + 124. What is the hundreds digit of n?
1
Suppose h + 2 = 0, 0 = 4*d - 4*h + 5 + 7. Suppose 403*l + 10 = 3*w + 402*l, -3*l - 10 = w. What is the tens digit of (d + (-8)/(-2))*w*-29?
5
Suppose 5*p - b + 722 - 3665 = 0, -576 = -p - 4*b. Suppose 6*c = 2*c + p. Suppose -5*l + 4*o = 8*o - c, 23 = l + 4*o. What is the tens digit of l?
3
Let g be 4/(-26) + 27981/117. Suppose -246*x + 6279 = -g*x. What is the tens digit of x?
9
Let i = 3201 - -700. Suppose 0 = -5*w + 2*f + i + 2790, 2676 = 2*w - f. What is the hundreds digit of w?
3
Suppose 12*n - 10*n = 4. Let c(t) be the third derivative of t**6/60 - t**5/60 + t**4/24 + t**3/6 - t**2. What is the units digit of c(n)?
5
Suppose 1336382 = 62*b - 550340 + 513484. What is the units digit of b?
9
Let t = -826 - -1586. Suppose -h = -4*w - 0*h + 3002, -w + t = -5*h. What is the hundreds digit of w?
7
Let w be (-2)/((-38)/37 - -1). Let s be (6/(-3) + 11)*36/36. What is the tens digit of w/8*72/s?
7
Let k(h) = -h + 55. Let c be k(38). What is the units digit of (c - 106)*(-2 - -1) + 0?
9
Let b be 558 + (3/7 - (-682)/(-154)). Let r = b + -332. What is the units digit of r?
2
Suppose -113*l + 112*l + 3565 = 4*n, -4*l + 14260 = 4*n. What is the thousands digit of l?
3
Let p(n) = 3*n + 11*n**2 + 0*n**2 - 20*n**2 + 8*n**2 - 10 + 11*n. Suppose 0*i - 18 = -2*i. What is the units digit of p(i)?
5
Let b(t) = 180*t + 4150. What is the ten thousands digit of b(33)?
1
Let a = 23049 - -1526. What is the ten thousands digit of a?
2
Suppose 5*y + 6588 = 1898. Let s = 629 + y. What is the tens digit of ((s/2)/(-3))/((-7)/(-14))?
0
Suppose -83*u - 446073 = 45*u - 8241785. What is the tens digit of u?
0
Let l(k) = -191*k - 1906. What is the tens digit of l(-26)?
6
Suppose 0 = 5*l + z - 50770, -l - 187*z + 10165 = -189*z. What is the hundreds digit of l?
1
Suppose 0 = -2*z - 5*c + 80971, 13*z + 202495 = 18*z - c. What is the hundreds digit of z?
4
Suppose 1853 = 17*u - 0*u. Let o = 126 - u. What is the tens digit of o?
1
Let j be 89*(-1)/(-3)*60. Suppose 7*o - 929 - j = 0. What is the units digit of o?
7
Let u(c) = 33*c**2 - 57*c + 277. What is the units digit of u(12)?
5
Let m = -7973 + 11037. What is the hundreds digit of m?
0
Let b(p) = 206*p - 17. Let v be b(-7). Let u = 2075 + v. What is the tens digit of u?
1
What is the tens digit of (2/3 - 